visor of 28 and 2401?
7
What is the highest common divisor of 1312 and 128822?
82
What is the greatest common divisor of 26852 and 539?
49
What is the highest common divisor of 48 and 953772?
12
Calculate the highest common factor of 2032 and 1651.
127
Calculate the greatest common factor of 19874 and 228.
38
Calculate the highest common divisor of 34715 and 16375.
655
Calculate the highest common divisor of 3770 and 208858.
754
Calculate the greatest common factor of 429682 and 22.
22
Calculate the greatest common divisor of 3434 and 646.
34
Calculate the highest common divisor of 516 and 43215.
129
Calculate the greatest common factor of 138 and 404961.
69
What is the highest common divisor of 420046 and 22?
22
What is the highest common divisor of 1105 and 340?
85
What is the highest common divisor of 1220 and 171860?
20
Calculate the highest common factor of 101 and 18489767.
101
What is the greatest common divisor of 4190 and 150?
10
What is the greatest common divisor of 1240 and 605740?
620
What is the greatest common factor of 136 and 1938?
34
Calculate the highest common divisor of 98482 and 246.
82
Calculate the highest common factor of 1456 and 2132.
52
Calculate the greatest common divisor of 181200 and 96.
48
Calculate the greatest common factor of 2984580 and 60.
60
Calculate the highest common divisor of 1743 and 558507.
249
What is the highest common factor of 1265 and 489900?
115
What is the greatest common factor of 217562 and 5409?
601
Calculate the greatest common divisor of 598110 and 120.
30
Calculate the highest common divisor of 8 and 7868.
4
What is the greatest common factor of 33664 and 278780?
1052
What is the highest common divisor of 18 and 16101?
9
What is the greatest common factor of 1331174 and 26?
26
Calculate the greatest common factor of 8 and 4906.
2
Calculate the highest common factor of 3234 and 768.
6
Calculate the greatest common factor of 84357 and 819.
819
What is the greatest common divisor of 488898 and 30?
6
What is the greatest common factor of 1533 and 26684?
7
Calculate the greatest common factor of 143018 and 86.
86
What is the highest common divisor of 17 and 491317?
17
What is the highest common factor of 34344 and 24?
24
Calculate the highest common divisor of 2230641 and 126.
63
What is the highest common divisor of 42 and 11646?
6
Calculate the greatest common factor of 79152 and 6528.
816
What is the greatest common factor of 17 and 374680?
17
What is the greatest common factor of 967169 and 4557?
217
Calculate the highest common factor of 59 and 89.
1
What is the greatest common factor of 855 and 38665?
95
Calculate the highest common divisor of 1480564 and 238.
34
Calculate the highest common factor of 5736 and 1704.
24
What is the highest common factor of 35556 and 1824?
12
Calculate the highest common factor of 376 and 29108416.
376
What is the greatest common divisor of 92784 and 18?
6
Calculate the highest common factor of 24 and 636024.
24
Calculate the highest common divisor of 810 and 28830.
30
What is the highest common factor of 4147 and 574838?
319
Calculate the highest common divisor of 1655 and 135.
5
What is the greatest common factor of 1222495 and 10?
5
Calculate the greatest common factor of 328 and 3215507.
41
Calculate the highest common factor of 18930 and 510.
30
What is the greatest common factor of 6 and 539394?
6
Calculate the greatest common factor of 38516 and 8.
4
What is the highest common factor of 72 and 318216?
24
What is the greatest common factor of 7590 and 8910?
330
Calculate the greatest common divisor of 2512 and 21509.
157
What is the greatest common divisor of 282 and 81028?
94
What is the highest common factor of 221 and 1339?
13
What is the greatest common factor of 13 and 36413?
13
What is the highest common factor of 60 and 650200?
20
Calculate the greatest common factor of 18912 and 135339.
591
Calculate the highest common factor of 57420 and 6480.
180
What is the greatest common factor of 469 and 384513?
67
Calculate the greatest common factor of 5394 and 5568.
174
Calculate the greatest common factor of 1034 and 59895.
11
Calculate the highest common factor of 201 and 321801.
201
What is the highest common factor of 345 and 72360?
15
Calculate the greatest common divisor of 2128 and 133.
133
Calculate the highest common factor of 150 and 43230.
30
What is the greatest common divisor of 472547 and 2605?
521
Calculate the greatest common factor of 924 and 275836.
44
Calculate the highest common divisor of 542906 and 78.
26
Calculate the greatest common factor of 1292028 and 804.
804
Calculate the greatest common divisor of 14794 and 208.
26
Calculate the highest common divisor of 19096 and 20801.
341
What is the greatest common divisor of 58618 and 53?
53
Calculate the greatest common factor of 38 and 76133.
19
Calculate the greatest common divisor of 19514 and 8.
2
What is the greatest common divisor of 132 and 170478?
66
Calculate the highest common divisor of 68 and 2169098.
34
What is the highest common factor of 1634831 and 229?
229
Calculate the greatest common factor of 6215 and 32657.
113
Calculate the highest common divisor of 33 and 2237191.
11
Calculate the highest common factor of 880326 and 27.
9
Calculate the greatest common divisor of 6886 and 550.
22
What is the highest common factor of 176545 and 134?
67
Calculate the highest common divisor of 18727 and 264941.
307
What is the greatest common factor of 243 and 1451439?
243
What is the greatest common divisor of 294 and 4044999?
147
What is the greatest common factor of 9513 and 4194?
9
Calculate the highest common divisor of 18 and 228078.
18
Calculate the highest common factor of 2132 and 3328.
52
Calculate the greatest common divisor of 32287 and 4.
1
What is the highest common divisor of 195 and 36795?
15
Calculate the highest common divisor of 81 and 73305.
81
What is the highest common factor of 1415 and 10?
5
What is the greatest common factor of 6650 and 2356?
38
Calculate the greatest common divisor of 18100 and 1550.
50
Calculate the greatest common factor of 992 and 18576.
16
What is the highest common factor of 225 and 382545?
45
Calculate the greatest common divisor of 56 and 5776.
8
What is the highest common divisor of 16175 and 84757?
647
What is the highest common divisor of 278 and 1383050?
278
What is the highest common factor of 7140 and 1734?
102
Calculate the highest common divisor of 22979 and 55.
11
Calculate the highest common divisor of 371 and 227423.
371
What is the greatest common divisor of 3211 and 94601?
247
What is the greatest common divisor of 138284 and 2534?
362
What is the highest common divisor of 20 and 960770?
10
What is the highest common divisor of 3627868 and 2635?
527
What is the greatest common divisor of 7943 and 10669?
47
Calculate the highest common factor of 545491 and 333.
37
Calculate the greatest common factor of 2340 and 319618.
26
Calculate the greatest common factor of 2139 and 32147.
31
What is the greatest common factor of 153 and 27162?
9
What is the highest common factor of 154 and 158708?
22
What is the greatest common factor of 512 and 87424?
128
Calculate the greatest common factor of 9 and 838197.
9
What is the greatest common factor of 346 and 79407?
173
What is the highest common factor of 1126666 and 4330?
866
Calculate the highest common divisor of 65 and 3768245.
65
What is the greatest common divisor of 4908 and 240?
12
Calculate the highest common factor of 252 and 435393.
63
Calculate the highest common divisor of 12 and 597660.
12
Calculate the greatest common factor of 562883 and 7235.
1447
Calculate the highest common divisor of 67 and 263243.
67
Calculate the greatest common divisor of 69 and 82984.
23
Calculate the highest common divisor of 248589 and 5589.
243
Calculate the highest common factor of 89500 and 6444.
716
What is the greatest common factor of 9060 and 2077005?
2265
Calculate the highest common factor of 225127 and 203.
203
Calculate the greatest common factor of 72 and 5562.
18
What is the greatest common factor of 28 and 766?
2
Calculate the highest common factor of 32339 and 54823.
73
What is the highest common divisor of 334 and 747158?
334
Calculate the highest common divisor of 